 What is the hundreds digit of k?
3
Let b(v) = 52*v**2 - 33*v - 254. What is the units digit of b(-15)?
1
Suppose x + 7 = 2*y, 2*y = -3*y - 5*x + 25. Suppose 5*n - 1821 - 1548 = r, -y = -4*r. What is the units digit of n?
4
Let z(g) = 1405*g**2 - 26. What is the units digit of z(-3)?
9
What is the units digit of 785447/26 + -14 + (-3)/6?
5
Let u(q) = -35*q**2 - 18*q + 25. Let b be u(5). Let a = b - -2311. What is the units digit of a?
1
Suppose 9*h - h = 72. Suppose -3414 = -h*a - 480. What is the tens digit of a?
2
Let p(n) = 5*n**3 - 36*n**2 - 26*n. Let k be p(8). What is the units digit of 848 + k/(-3 + -3)?
0
Let d(c) = 44*c**3 - 6*c + 13. Suppose -61*j = -69*j + 16. What is the tens digit of d(j)?
5
Let s(a) = 2*a**2 - 41*a + 109. Let k(w) = -w**2 + 20*w - 55. Let o(c) = -9*k(c) - 4*s(c). What is the tens digit of o(23)?
2
Let x(j) = 3*j - 55. Let o be x(19). Suppose -v - 123 = -o. Let w = v - -267. What is the hundreds digit of w?
1
Suppose -5*c + 4*c + 3 = 0. Suppose 4 = -7*u + 3*u + 4*d, -1 = -4*u + c*d. Suppose -20 = -4*f, f + 15 = y - u*f. What is the tens digit of y?
4
Suppose -62*v = -59*v - 6. Suppose -13 = -5*f + 2, -v*p + 5*f = -183. What is the units digit of p?
9
Let h(l) = 15*l**2 - 59*l + 696. What is the thousands digit of h(18)?
4
Let u(t) = -t**2 + 70*t - 4. Let x = 90 + -57. What is the hundreds digit of u(x)?
2
Let k = -504 - -157. Let n = -151 - k. What is the hundreds digit of n?
1
Let z(k) = k**2 - k - 3. Let r be z(3). Suppose 5*x + 2*w = -843, 330 = -r*x + w - 178. Let f = -84 - x. What is the units digit of f?
5
Let s(m) = m**3 - 6*m**2 + 27*m + 3. Let b be s(4). Suppose -14*r = -327 - b. What is the tens digit of r?
2
Let g(m) = -41 - 18*m**2 + 40*m + 37*m**2 - 10*m**2 - 10*m**2. What is the tens digit of g(38)?
3
Suppose 2*y + 2*o - 2 = 0, 4*y + 0*y = -o + 4. Suppose q + y = -16. Let h(i) = -i - 4. What is the units digit of h(q)?
3
Let k = 14326 - 10029. What is the tens digit of k?
9
Suppose -4*m = 5*a - 0*m, -3*a = -5*m - 37. Let u be a/(-18) - (-6)/27. Suppose -4*l - 4*l + 176 = u. What is the units digit of l?
2
Let a(f) = 36*f**3 + 15*f**2 - 6*f. Suppose 22*t = 27*t - 10. Let p(r) = 7*r**3 + 3*r**2 - r. Let l(c) = t*a(c) - 11*p(c). What is the units digit of l(-3)?
1
Suppose -4*o = -3*t - 1111, -835 = -3*o + 7*t - 3*t. Let f = o + 44. What is the units digit of f?
1
Suppose -16*b - 4*b = 12*b. Suppose -4*c + 3*c - 2*f + 217 = b, 3*c - 691 = 4*f. What is the tens digit of c?
2
Suppose 4*b - 61342 = -5*d, 115*d - 110*d - 15313 = -b. What is the ten thousands digit of b?
1
Suppose -4*m + 2*y = -30, y = -m - y + 20. Suppose 8*o - 14 = m. What is the hundreds digit of (36/8 - 3)/(o/202)?
1
What is the units digit of (-1)/((-165)/(-66)*2/(-18985))?
7
Let y(m) = 649*m + 2370. What is the hundreds digit of y(12)?
1
Let r be (11 + -4)*3/((-63)/(-6)). Let v be (-1)/((-5)/(-20)*r/(-2)). Suppose 0 = 3*u - 3*t + t - 187, 0 = v*u - 2*t - 246. What is the units digit of u?
9
What is the ten thousands digit of (-26)/(8/(-64448)*8)?
2
Let c be (0/(-2 + 0))/1. What is the units digit of (-1 - c)*14476/(-44)?
9
Suppose 25191 = 16*i + 4695. Let t = i - 703. What is the hundreds digit of t?
5
Suppose -12*x + 52*x = 93080. What is the units digit of x?
7
Suppose -5*n - 3*j + 17074 = 0, -5*n + 5*j = -20731 + 3721. What is the tens digit of n?
1
Suppose -18314 = -v - 4*a, 10*a = 9*a - 1. Suppose 10*t + 33*t - v = 0. What is the tens digit of t?
2
Let u = 5933 + -2745. What is the hundreds digit of u?
1
Let y(h) = h**3 + 9*h**2 + 5*h + 1. Let i = -9 - -31. Suppose i = k + 28. What is the tens digit of y(k)?
7
Suppose 126*g = -131*g + 249*g + 180832. What is the ten thousands digit of g?
2
Let w = 38 + -35. Suppose 2*r = -3*d + w*r, 2*r = 0. Suppose d = b + 4*q - 64, -2*b + q = -5*b + 225. What is the units digit of b?
6
Suppose -55*y = -54*y - 29. Suppose -y*l - 526 = -31*l. What is the units digit of l?
3
Let u be ((-1)/2)/(34/(-7072)). What is the hundreds digit of u + -3 + 6/(-3) + 2?
1
Suppose n = g + 5, -4*g = 4*n - 2*g - 38. Suppose -5*y + y = -n. What is the units digit of 95 - (-3 + y - -3)?
3
Let o(z) = -4*z - 3. Let d(w) = 4*w + 3. Let f(p) = -3*d(p) - 2*o(p). Let s be f(-3). Suppose s*k + 4*k = 676. What is the units digit of k?
2
Let k(h) = -3*h**3 - 17*h**2 - 15*h - 23. Let c(b) = -b**3 - 1. Let o(t) = 2*c(t) - k(t). What is the hundreds digit of o(-7)?
4
Let r(t) = t**3 + 45*t**2 + 68*t + 107. What is the thousands digit of r(-35)?
9
Let u = -289 + 579. Let y = u - -128. What is the hundreds digit of y?
4
Suppose -5*y + 58062 = 2*l, -4*y - 5*l = -22505 - 23965. What is the units digit of y?
0
Let n = 1428 - 2057. Let b = 309 - n. What is the tens digit of b?
3
Let f = -826 - -829. Suppose f*d + 2016 = 4*i, -1 - 7 = 2*d. What is the units digit of i?
1
Suppose 11 + 1 = 4*c. Suppose 16 = 2*v - 4*x, -4*v - c*x - 6 - 6 = 0. Suppose 3*j - 4*k - 291 = v, 5*j - 108 = 5*k + 372. What is the units digit of j?
3
Let f(s) = -9*s**3 + 30*s**2 - 33*s - 19. What is the hundreds digit of f(-6)?
2
Let c(o) = 3*o + 23. Let f(u) = -6*u - 46. Let m(b) = 5*c(b) + 3*f(b). Let h be m(-10). What is the tens digit of ((-3)/h + 144/42)*17?
5
Suppose 14*v + 29*v = 47*v - 31876. What is the hundreds digit of v?
9
Suppose 8927 = 8*q - 15049. What is the tens digit of q?
9
Suppose -26*r + 1684565 = 831365 - 913214. What is the tens digit of r?
3
Let r be 5 + 3571 + -11 - (-2)/(-1). Let f = r - 2424. What is the tens digit of f?
3
Suppose -j - 4*h + 63 - 75 = 0, 0 = j - 2*h + 12. What is the units digit of (((-1100)/j)/1)/(4/12)?
5
Suppose 0 = 16*o - 297780 + 21652. What is the ten thousands digit of o?
1
What is the tens digit of (-6)/5 + (-4127840)/(-2200)*11?
3
Let i(u) = 7665*u**3 + 5*u**2 + 5*u - 9. What is the thousands digit of i(1)?
7
Let m = 74 - 29. Suppose -m*r + 192 = -44*r. Suppose -5*t = -y + 168, -3*t + 536 = 5*y - r. What is the units digit of y?
8
Let p = 8 - 18. Let n = p + 14. Suppose 0 = -n*u - 2*k + 242, 0*u + 4*k = 3*u - 209. What is the tens digit of u?
6
Suppose 6*s = -v + 3*s - 16854, 5*v - s + 84270 = 0. What is the hundreds digit of 21/14 + v/(-12)?
4
Let k = 35476 - 21777. What is the hundreds digit of k?
6
Let i be (-6)/(30/5) - 26. Let s = 50 + i. What is the units digit of s?
3
Suppose 19*v - 11*v = 2504. Suppose 0*y + 3*y - r - v = 0, 5*r = -y + 99. What is the tens digit of 1/(-1 - (-108)/y)?
2
What is the ten thousands digit of ((-282)/((-2)/2))/((-68)/(-2754))?
1
Let m = -289 - -291. Suppose t = 5*d + 2 + 40, t + m*d = 77. What is the units digit of t?
7
Let c(o) = -229*o**2 + 15*o + 21. Let g(l) = 46*l**2 - 3*l - 4. Let k(b) = 2*c(b) + 11*g(b). What is the units digit of k(-1)?
9
What is the hundreds digit of 247/(7 - -93*16/(-216))?
2
Let z(x) be the second derivative of -11*x**3/6 + 5*x**2 + 12*x. Let u be z(-7). Suppose w + 3*w + 145 = 5*y, -4*w = 3*y - u. What is the tens digit of y?
2
Let a(v) = 2*v**2 + 18*v + 13. Let l be a(-9). What is the tens digit of (-101)/(-3)*(-1 + l)?
0
Let w(u) = -797*u**3 - 3*u**2 - 75*u - 149. What is the thousands digit of w(-2)?
6
Let k = 59520 + -9436. What is the thousands digit of k?
0
Let g(h) = 11*h**2 - 213*h - 105. What is the ten thousands digit of g(57)?
2
Suppose 0 = -3*r + 3*k - 6, -4*k + 13 - 5 = 3*r. Suppose -8*p + 2*p - 828 = r. What is the hundreds digit of -9*(p/9 + -3 - -1)?
1
Let t = -237 + 665. Suppose 4*y + 3*p - 367 = 479, -4*p = 2*y - t. What is the tens digit of y?
1
Let a = 12433 + -8442. Suppose w = 3*n + n - a, -3*n - 5*w + 2976 = 0. What is the tens digit of n?
9
Let j = -372 + 942. Let o = -245 + j. What is the units digit of o?
5
Let v(p) = 2538*p - 9517. What is the hundreds digit of v(19)?
7
Suppose 2*y - 5*x = 72, 5*y - 5*x - 144 = y. Let g be 51/119 + y/14. Suppose 5*c = -3*a + 101, -g*a + c + 187 = 2*a. What is the units digit of a?
7
Suppose 0 = y + 7*u - 2*u - 61, -2*y = -2*u - 98. Suppose f = 2*d - 476, 0 = d + f + y - 292. What is the tens digit of d?
3
Suppose -2*n - 47295 = 3*r, 35431 = -4*n + 3*r - 59186. What is the units digit of 48/84 - n/14?
0
Let w = 474 + -471. Suppose 3*n + 3181 = 5*n + w*u, 5*n - 7964 = 4*u. What is the tens digit of n?
9
Let p(c) = -19*c - 51. Let r be p(-3). Suppose -w = -5*d + 38 + 94, 2*w = r. What is